-18)
2
Calculate (-8 + 10 + 0 - -1) + -19.
-16
Evaluate -123 + (-15 - 5) + 7 + (60 - 34).
-110
What is the value of (-11 - 10) + 8 - (93 + (-15 + 3 - -6))?
-100
What is -225 + 107 + (-27 - -243)?
98
(-21 - -37 - -12 - (7 - 0)) + 13
34
(49 - 83 - 25) + -14
-73
18 - 5 - -58 - 49
22
42 + -84 + 60 - 48
-30
0 + 3 + 4 + -1 + -6 - (-738 + 793)
-55
What is the value of -5 + -2 + (4 - -1) + (-13 - -40 - -14)?
39
(-35 + 120 - 44) + -45
-4
Evaluate -74 + 32 - 9 - -31 - -81.
61
Evaluate (-24 - (-33 + 5)) + 31 + -109.
-74
Calculate 1 + 12 + -1 + (-53 - -39) - 40.
-42
Evaluate 0 + -8 - (2157 - 2153).
-12
Evaluate -11 + -28 + 34 + -11 + -48.
-64
Calculate 121 - (44 + 54 + 125).
-102
Calculate 1 + 10 + (-1 + -15 - (-995 - -986)).
4
Evaluate (21 - 7) + -7 + 21 + -15 - 10.
3
What is the value of (-101 - (155 + -215)) + (0 - 36)?
-77
Evaluate -3 - -15 - -6 - (-18 + 22) - (19 - 71).
66
What is the value of 18 - 1 - ((7 - (12 + -11)) + -28)?
39
Evaluate -64 - (-115 + (19 - 8)).
40
What is the value of (0 - (1 + -4)) + -39 - (44 - 39)?
-41
Evaluate 27 + (28 - (-25 - -36)).
44
Calculate -9 + 82 + (-29 - -31) - (-17 - 1).
93
Evaluate 41 - 127 - -27 - (-42 + 81).
-98
What is -50 - (-75 + -70) - 108?
-13
What is the value of (-24 - 47) + 45 - 30?
-56
What is the value of 600 + -667 - (-1 + 22) - (1 - 0 - 14)?
-75
What is (39 - (-4 - (-10 + 2) - 3)) + (-15 - -13)?
36
What is 11 - (-6 - 81) - (44 + (-50 - -24))?
80
What is -5 + 14 + (13 - (-19 + 35)) + 98?
104
23 + (0 - -35) + -33
25
What is 8 - (69 + -63 + 33 + (3 - (0 + -4)))?
-38
What is the value of 32 - (-4 - (-15 - (-15 - -29 - 21)))?
28
10 + (-7 - 8 - -7 - (-9 - -44))
-33
-4 - ((-507 - -498) + (1 - 3 - -4))
3
What is the value of (296 - 71) + -136 - (33 - 2)?
58
-72 - (-1157 - -1174 - (-1 + 32))
-58
Calculate 18 + 20 - (131 + -88).
-5
Evaluate 56 - (33 + 104 + -89).
8
-117 + (126 - (19 - -5))
-15
(23 - -4) + ((-2 - 22) + 15 - 5)
13
Evaluate 42 - (130 - 30) - -138.
80
Calculate -650 + 667 - (0 + -11).
28
What is the value of -214 - 2 - (767 - 835) - ((-11 - 0) + 0)?
-137
What is the value of 85 + (-84 - (66 + -3))?
-62
What is -45 + (22 - -54) - 6?
25
(22 - -10) + 2 + (1 - -3) - -5
43
15 + -10 - 12 - (-3 + -7)
3
Evaluate -53 - (-56 - (-114 + 52)).
-59
What is 7 + (-4 - -9 - 79) + (5 - -4)?
-58
Calculate 20 - (1176 - 1122 - (1 - 18)).
-51
What is the value of 266 + -262 + 52 + (1 - (-1 - -16))?
42
(-2 - -20) + (3 - 40) - -20
1
What is the value of 181 + -95 + (-23 - -13)?
76
What is -1 + -3 - (-40 + -41 + 115 + -114)?
76
-23 + 18 + 13 + -24 - -9
-7
What is 0 + 9 - (14 + -5 + 2) - 6?
-8
Calculate -24 + -13 - -54 - 26.
-9
What is the value of (31 - 3) + (-37 - 19 - -40) + 59 + -2?
69
What is the value of -97 - (443 - 477) - ((1 - 0) + -15)?
-49
Calculate -75 - ((-31 - -18) + -60).
-2
What is the value of -2080 + 2065 - (5 + -69 + -7 + 2)?
54
What is the value of (-5 - (-11 - (-5 + 12 + -13))) + 23?
23
Evaluate -38 - ((44 - 25) + -93 + 1).
35
What is the value of 98 + (-103 - -46) - 39?
2
-23 - (-20 - (23 - 41))
-21
What is the value of (-2 - -3) + (-47 - -4) + (0 + -20 - -20)?
-42
What is 75 - (21 - (18 - 3))?
69
What is 0 + 0 + (10 - 1) + -535 + 571 - -13?
58
Calculate 0 + 8 + 17 + -63 + 56 + 12.
30
Evaluate (-11 - 1) + (-80 - -49) + 30.
-13
174 - -48 - (-160 - -243)
139
Calculate -30 + -1 + 7 - (-90 + 72).
-6
Calculate 22 + (-8 - ((-27 - -25) + -14) - (12 - -1)).
17
Calculate 18 + (-4 + -66 - -52).
0
Evaluate -25 - ((-10 + -12 - -6) + -3).
-6
Evaluate -8 + (-10 + -38 - -31) - -35.
10
What is (-2 - -2) + -31 + 9 + 46 + -27?
-3
What is (-14 + 19 - -36) + -73?
-32
116 + -131 - -77 - ((10 - 1) + (4 - 7))
56
Calculate -688 - -696 - (-1 - 1).
10
What is the value of 5 - (83 - 2) - (-8 + (-7 + 14 - -12))?
-87
Evaluate 1 + -39 + (7 - -11) + (-36 - -5).
-51
What is (-44 - (-13 - -33)) + (-8 - 10)?
-82
8 - (9 + (-5 - (13 - -1)) + (7 - 2))
13
Evaluate (-24 - (19 - 21 - -24)) + -19.
-65
Evaluate (-55 - (-22 + -39)) + (-20 - 0).
-14
What is 1 + (22 - 15) + 33?
41
Evaluate (47 - 3) + 664 + -759.
-51
Evaluate (9 - 6) + (88 - 37) + -10.
44
What is the value of -8 + (6 - -41) + (1 - (-8 - -3))?
45
What is the value of (80 + -1 - (1 - 4)) + 44 + 91 + -148?
69
What is the value of 38 + 25 + -80 + (-4 - (-2 - 8)) - 92?
-103
What is the value of 22 + -5 + (-22 - -22 - -10)?
27
What is the value of -3 + 70 + 11 - (9 - (0 + 21 - 14))?
76
Calculate 90 + 23 + (-25 - -10) + -29.
69
Calculate -10 + 8 - 3 - (-162 + 171) - (15 + -1).
-28
Calculate 35 + (-8 - (6 - (6 - 7))).
20
What is 2 + -3 + (-382 - -429) + (-32 - 3)?
11
What is (20 - (-18 + 17)) + (0 - -2)?
23
What is the value of -4 - (-5 + ((-2 - -12) + 4 - 19))?
6
26 - 26 - -22 - 2 - 99
-79
What is 2 + (-1 - -4) - (-67 + (235 - 115))?
-48
Calculate -3 + 4 - (22 + -27) - -3 - 17.
-8
What is 3 + (-28 - 15) + 22?
-18
Evaluate 36 + -1 + (-11 + (-7 - -1) - -29).
47
(-117 - -124) + 0 + -47 + (-4 - 0) + 7
-37
Evaluate (-5 - (-5 + -5) - 16) + 10 + 1 - -114.
114
What is -76 - (-56 + 42 + -2 + 36 + -12)?
-84
What is 168 - 90 - 95 - (0 + -9)?
-8
Evaluate 2385 + -2467 - (-154 + 0).
72
(-1 - -7) + (259 + -232 - (1 - 7) - 10)
29
Calculate -13 + ((-1 - -1) + -14 - 98) - 2.
-127
-86 - (-632 + 633 + 23 + -2 + -1)
-107
What is 8 + (443 + -448 - (-69 + (-4 - (-12 + 4))))?
68
-130 + 2 + 1009 + -745
136
(27 - 47 - -64) + -46
-2
(1 - 65 - (-137 + 82)) + (-16 - 0)
-25
-74 + 109 + -31 + (1 - -21)
26
What is the value of -418 + 406 + (-51 - (-2 + -6))?
-55
27 + 57 + -34 + (31 - -2)
83
Calculate 4 + 2 + (7 - 14) + 51 + -12 + 12.
50
Evaluate 49 + -60 + -124 + 114 + (1 - 11).
-31
What is -44 + (74 - 5) + -11?
14
What is 9 + 8 + 16 + -34 + (-1 - 10)?
-12
39 + 25 + 1 + (-3 - 8) + 10
64
Calculate -2 + -4 + 13 + -7 - (10 + (8 - 14)).
-4
Evaluate -21 - (-54 + 33 + -5 + 48 + -26).
-17
Evaluate -68 - (-72 + -2) - (1 - (-1 - -6)).
10
What is the value of 0 + -4 + 35 + 32 + -32?
31
What is -2 + -1 - (-21 + 34 + 22 + -8 + -1)?
-29
-694 - -724 - (-4 + 0 + 4)
30
What is the value of (85 - 41) + 10 + (-2 - -2) + (-35 - -10)?
29
What is the value of 33 + (56 - 101) + -22?
-34
Calculate 14 + -14 + -4 + (-9 - -16) + 5.
8
Evaluate 82 + 3 - (-389 + 390).
84
What is the value of -48 - (-85 + -12 - 29)?
78
What is the value of -724 + 807 + -2 + -26 - -17?
72
Evaluate -16 + (-42 - -15) + -30 - -29.
-44
Evaluate (56 - (32 + 13)) + (-1 - -38) + -3.
45
8 - (10 + 9) - 3 - (19 + 6)
-39
Evaluate (0 + -15 - (135 + -121)) + 13 - 16.
-32
What is 104 + (-70 - -8) - -16?
58
Calculate (-702 - -688) + (2 + 4 - -1) - -46.
39
What is the value of (15 - (-9 - -2 - -20)) + (2 - (-3 - -1))?
6
What is (0 - 7) + -7 - (0 + (5 - -1) + -9)?
-11
Calculate 8 + 5 + -8 + 2 + -9 + 61 + 1.
60
-4 - (-27 + 68) - -38
-7
Evaluate 16 + -11 + 8 - (-31 + -2).
46
What is (40 - -43 - 6) + -48?
29
Evaluate (-8 + -23 + 12 - -19) + -56.
-56
What is the value of -2 - 7 - (13 + -35 - -23 - 61)?
51
Evaluate 40 - (3 + 8 + -1 + (-1 - -7) + -9).
33
203 + -171 + (1 - -11) - (1 + -9)
52
1 + -21 + -166 + 166 + (1 - 7)
-26
21 - (-14 - (54 + -91))
-2
Evaluate -226 + 329 + -14 + 11 + 4.
104
Evaluate -4 + 0 - (10 + -2 + -8) - (149 + -112).
-41
Evaluate (-10 + (-2 - (-3 - -1 - 8)) - -45) + -4.
39
Calculate -22 + -13 + (-6 - -2) + 1.
-38
What is the value of 2 - -5 - (-1 + -4 - ((-94 - -8) + 15))?
-59
-75 - (5 + -2 + -7 + (-19 - -12)) - 13
-77
-69 + 1 + (-2708 - -2747)
-29
-115 + 21 + (333 - 279)
-40
1 - (-2 + 15) - (32 + -20 + -9)
-15
Calculate 0 + -1 + 1 - -1 - (36 + -124 + 84).
5
What is the value of -150 + 78 + 60 + -59?
-71
What is (13 - 12) + 7 - (0 - -63) - (-36 - -25)?
-44
What is the value of (-2 - -2) + (-5 - 7) + -3 - -57?
42
Evaluate (21 - (-6 - -20)) + -13 + 1 + 13.
8
Calculate -5 + 4 - -11 - ((20 - (-13 - 80)) + -13).
-90
What is (-1 + 13 - (10 + -2 + -7)) + -36 - -5?
-20
(-15 + 17 - 37) + -7 + 10
-32
What is 35 + 21 + -29 - (-2 - -19)?
10
Evaluate -37 - ((-73 - (-57 + -8)) + (0 - -4)).
-33
What is the value of 70 - (-11 + 47) - -54?
88
Evaluate 7 + 62 - (85 + -37).
21
Evaluate (139 - (77 + 100)) + (-62 - -2).
-98
What is -6 - (-3 - (17 - 1)) - (-1 - 0)?
14
Evaluate 235 + -234 + 2 + -32.
-29
-5 + -21 - (13 + (-3 - 4) + -13)
-19
Calculate (-11 - -26) + (-25 - (3 - 1)) + (-82 - -2).
-92
What is the value of 26 - 17 - (-13 + (14 - -60))?
-52
What is the value of (30 + 0 - -6)